is divided by 756?
718
What is the remainder when 839326 is divided by 115?
56
What is the remainder when 611425 is divided by 141?
49
What is the remainder when 40209728 is divided by 925?
903
Calculate the remainder when 13059 is divided by 763.
88
Calculate the remainder when 249383 is divided by 62342.
15
What is the remainder when 335938 is divided by 44?
42
What is the remainder when 5299073 is divided by 120433?
21
Calculate the remainder when 117651 is divided by 1288.
443
What is the remainder when 39236830 is divided by 341?
6
Calculate the remainder when 873298 is divided by 1273.
20
Calculate the remainder when 13358143 is divided by 90.
73
What is the remainder when 29268503 is divided by 6977?
6965
Calculate the remainder when 506580 is divided by 41726.
5868
Calculate the remainder when 28268041 is divided by 147.
88
Calculate the remainder when 163114 is divided by 22398.
6328
What is the remainder when 262560 is divided by 547?
0
What is the remainder when 54250799 is divided by 1590?
1589
What is the remainder when 285346 is divided by 285345?
1
Calculate the remainder when 49660 is divided by 24606.
448
Calculate the remainder when 23026257 is divided by 11513058.
141
Calculate the remainder when 196499 is divided by 3070.
19
Calculate the remainder when 630874 is divided by 2311.
2282
What is the remainder when 961821 is divided by 4433?
4293
What is the remainder when 19138081 is divided by 65?
1
Calculate the remainder when 48832566 is divided by 5991.
5916
What is the remainder when 14992499 is divided by 150?
149
What is the remainder when 137839788 is divided by 1774?
1762
Calculate the remainder when 309509 is divided by 799.
296
Calculate the remainder when 196791561 is divided by 174.
171
What is the remainder when 90622 is divided by 10842?
3886
What is the remainder when 58487962 is divided by 365?
362
Calculate the remainder when 143994 is divided by 2474.
502
Calculate the remainder when 44465855 is divided by 88.
71
What is the remainder when 16644 is divided by 5431?
351
Calculate the remainder when 99179373 is divided by 1151.
5
What is the remainder when 844994 is divided by 5909?
7
Calculate the remainder when 1195185307 is divided by 38.
35
What is the remainder when 38097 is divided by 18861?
375
What is the remainder when 9562910 is divided by 3317?
3316
What is the remainder when 119200 is divided by 3612?
4
Calculate the remainder when 32769 is divided by 32543.
226
What is the remainder when 1995440 is divided by 326?
320
What is the remainder when 424788 is divided by 7072?
468
What is the remainder when 9913251 is divided by 67?
65
What is the remainder when 3651 is divided by 688?
211
Calculate the remainder when 37232 is divided by 9268.
160
What is the remainder when 16881903 is divided by 177?
174
Calculate the remainder when 6153233 is divided by 797.
393
What is the remainder when 14626709 is divided by 994?
993
Calculate the remainder when 467458 is divided by 1867.
708
What is the remainder when 4785926 is divided by 392?
390
What is the remainder when 2020735 is divided by 20?
15
Calculate the remainder when 3299064 is divided by 1099640.
144
Calculate the remainder when 751195 is divided by 4247.
3723
What is the remainder when 97495 is divided by 2209?
299
Calculate the remainder when 2936329 is divided by 1468163.
3
What is the remainder when 25268050 is divided by 951?
931
What is the remainder when 8813712 is divided by 306?
300
Calculate the remainder when 2050141 is divided by 771.
52
What is the remainder when 19079910 is divided by 433634?
14
Calculate the remainder when 19602799 is divided by 2800389.
76
Calculate the remainder when 76367 is divided by 76008.
359
Calculate the remainder when 91808162 is divided by 7758.
7748
Calculate the remainder when 124852 is divided by 949.
533
Calculate the remainder when 815312 is divided by 3172.
108
Calculate the remainder when 1346129 is divided by 9.
8
Calculate the remainder when 1001503 is divided by 2007.
10
Calculate the remainder when 344568797 is divided by 172284396.
5
What is the remainder when 165993 is divided by 16581?
183
What is the remainder when 1279729 is divided by 277?
266
Calculate the remainder when 4053556 is divided by 2026774.
8
Calculate the remainder when 15058844 is divided by 633.
407
Calculate the remainder when 3746692 is divided by 220392.
28
Calculate the remainder when 5037 is divided by 528.
285
What is the remainder when 52565 is divided by 1546?
1
What is the remainder when 137895 is divided by 461?
56
What is the remainder when 5455482 is divided by 233?
20
Calculate the remainder when 1341247 is divided by 561.
457
What is the remainder when 2712405 is divided by 25?
5
What is the remainder when 1708644 is divided by 43?
39
What is the remainder when 3249878 is divided by 634?
628
What is the remainder when 541614 is divided by 100?
14
Calculate the remainder when 54448 is divided by 27197.
54
Calculate the remainder when 1507172 is divided by 2344.
2324
Calculate the remainder when 2122171 is divided by 106108.
11
What is the remainder when 9709 is divided by 1592?
157
Calculate the remainder when 9493748 is divided by 1054828.
296
Calculate the remainder when 451247 is divided by 449813.
1434
What is the remainder when 4790 is divided by 274?
132
Calculate the remainder when 110384 is divided by 2904.
32
What is the remainder when 10739458 is divided by 178?
6
What is the remainder when 2106549 is divided by 1053237?
75
Calculate the remainder when 14065743 is divided by 88.
87
Calculate the remainder when 15808 is divided by 447.
163
Calculate the remainder when 8967282 is divided by 526.
34
Calculate the remainder when 790990 is divided by 155.
25
Calculate the remainder when 5889105 is divided by 928.
17
What is the remainder when 14914 is divided by 190?
94
Calculate the remainder when 8063686 is divided by 12.
10
Calculate the remainder when 283703 is divided by 47125.
953
Calculate the remainder when 5439615 is divided by 598.
207
What is the remainder when 14843761 is divided by 223?
212
Calculate the remainder when 3871927 is divided by 1331.
48
Calculate the remainder when 332359 is divided by 833.
825
Calculate the remainder when 2679396 is divided by 1042.
414
What is the remainder when 207359 is divided by 687?
572
Calculate the remainder when 81495 is divided by 2327.
50
Calculate the remainder when 21322 is divided by 20788.
534
What is the remainder when 1366387 is divided by 206?
195
Calculate the remainder when 140525 is divided by 1296.
557
Calculate the remainder when 54222788 is divided by 13555697.
0
Calculate the remainder when 906895 is divided by 311.
19
Calculate the remainder when 14787294 is divided by 205.
29
What is the remainder when 2298949 is divided by 691?
683
Calculate the remainder when 796517 is divided by 1371.
1337
Calculate the remainder when 9525453 is divided by 72.
69
Calculate the remainder when 727991 is divided by 10699.
459
Calculate the remainder when 115352 is divided by 1299.
1040
What is the remainder when 201808 is divided by 130?
48
What is the remainder when 221967 is divided by 73897?
276
Calculate the remainder when 129865871 is divided by 14429540.
11
Calculate the remainder when 57497 is divided by 1284.
1001
What is the remainder when 2231672 is divided by 860?
832
Calculate the remainder when 57068 is divided by 1263.
233
What is the remainder when 27829741 is divided by 10?
1
Calculate the remainder when 64035502 is divided by 711.
709
What is the remainder when 687375 is divided by 114554?
51
Calculate the remainder when 3503148 is divided by 355.
8
Calculate the remainder when 226117 is divided by 2095.
1952
What is the remainder when 33838 is divided by 1134?
952
Calculate the remainder when 159097 is divided by 11053.
4355
What is the remainder when 70484 is divided by 13?
11
What is the remainder when 3054769 is divided by 3054748?
21
What is the remainder when 32016 is divided by 15750?
516
What is the remainder when 398462 is divided by 394507?
3955
Calculate the remainder when 1061383 is divided by 42453.
58
Calculate the remainder when 760423 is divided by 3.
1
Calculate the remainder when 394737991 is divided by 119.
116
Ca